factor of 4352 and 61553600?
1088
Calculate the greatest common factor of 8268 and 37308.
12
What is the highest common divisor of 67417070 and 13937?
1267
Calculate the highest common factor of 1800864 and 5184.
288
Calculate the greatest common divisor of 1312950 and 50.
50
What is the highest common divisor of 16879020 and 4860?
60
Calculate the greatest common factor of 2648 and 16898212.
1324
Calculate the highest common factor of 48 and 7337120.
16
Calculate the highest common factor of 64 and 44708288.
64
Calculate the greatest common divisor of 195 and 3769725.
15
What is the highest common divisor of 61627428 and 180?
36
What is the highest common divisor of 8924571 and 18?
9
What is the highest common factor of 1476821 and 24503?
229
What is the highest common divisor of 68684 and 1057912?
892
Calculate the greatest common divisor of 176778688 and 36.
4
What is the greatest common divisor of 54240501 and 1176?
147
What is the greatest common divisor of 28359438 and 12312?
114
What is the greatest common factor of 108 and 59023404?
108
Calculate the greatest common factor of 4933963748 and 3164.
3164
Calculate the highest common factor of 695694647 and 995.
199
Calculate the greatest common divisor of 190432 and 33792.
352
Calculate the greatest common divisor of 25526746 and 2930.
586
What is the greatest common divisor of 452 and 54596?
4
What is the highest common factor of 346227155 and 915?
305
Calculate the greatest common divisor of 12515830 and 10.
10
Calculate the greatest common divisor of 305 and 2061750.
5
What is the highest common divisor of 28106 and 524446?
598
Calculate the greatest common divisor of 65 and 2826694.
13
What is the highest common factor of 5637306 and 147?
3
What is the greatest common factor of 448346 and 28848?
1202
Calculate the highest common factor of 1209 and 65275863.
93
What is the greatest common factor of 679 and 4164307?
679
What is the greatest common factor of 287 and 71968687?
7
What is the greatest common divisor of 79 and 73982473?
79
Calculate the highest common divisor of 58943911 and 39.
13
Calculate the highest common factor of 6141 and 14101783.
2047
What is the highest common divisor of 153363582 and 10458?
1494
What is the highest common divisor of 8112 and 41674464?
624
Calculate the highest common factor of 44 and 13007401.
11
What is the highest common factor of 764729 and 32207?
749
What is the highest common divisor of 1098674 and 142262?
1714
What is the greatest common factor of 25592364 and 25092?
1476
What is the highest common factor of 63804 and 9590232?
4908
What is the greatest common factor of 4494 and 635754?
42
What is the greatest common divisor of 450 and 49126550?
50
What is the highest common factor of 37920 and 7365?
15
Calculate the highest common factor of 1584 and 3471468.
132
What is the greatest common divisor of 160 and 44758640?
80
What is the highest common divisor of 5379 and 1304?
163
Calculate the highest common factor of 45 and 151773735.
15
Calculate the greatest common divisor of 1506871 and 855.
19
What is the greatest common factor of 384 and 2817492?
12
Calculate the greatest common divisor of 14449723 and 191.
191
What is the greatest common divisor of 224 and 1909178208?
224
What is the highest common factor of 15490 and 80707547?
1549
Calculate the greatest common factor of 147 and 600069.
3
What is the greatest common factor of 102252637 and 986?
493
Calculate the highest common factor of 1693366995 and 141.
141
Calculate the highest common factor of 897218752 and 448.
64
Calculate the highest common divisor of 442224 and 62280.
72
Calculate the highest common divisor of 468792 and 243882.
306
What is the highest common divisor of 30448 and 11437376?
2768
Calculate the highest common factor of 6279971 and 4307.
73
What is the greatest common divisor of 3813 and 13236473?
31
Calculate the greatest common factor of 39300 and 12342820.
2620
What is the greatest common divisor of 3714 and 540822?
6
Calculate the greatest common divisor of 7090 and 1585535282.
1418
What is the highest common divisor of 1125 and 4088625?
375
Calculate the greatest common divisor of 1404 and 1585428.
156
Calculate the highest common divisor of 835264 and 2327288.
3368
Calculate the greatest common factor of 36989 and 83519.
47
What is the highest common factor of 39449225 and 3325?
475
Calculate the greatest common divisor of 13988 and 46384.
52
What is the highest common divisor of 30839016 and 130?
26
Calculate the greatest common factor of 4018456050 and 290.
290
What is the highest common divisor of 30264 and 77376?
312
What is the greatest common divisor of 255 and 12702009?
51
Calculate the highest common factor of 30163408 and 19184.
176
Calculate the greatest common factor of 1092 and 1234116.
156
Calculate the greatest common divisor of 78392 and 16437464.
1912
What is the greatest common factor of 1480 and 603493310?
370
Calculate the highest common factor of 90 and 1030200300.
90
What is the highest common factor of 69828 and 413402?
506
Calculate the greatest common divisor of 28330950 and 3350.
3350
What is the highest common factor of 434 and 22885898?
14
What is the highest common divisor of 1638030329 and 39?
13
Calculate the highest common divisor of 160 and 24774128.
16
Calculate the highest common divisor of 1593750 and 45475.
425
Calculate the highest common divisor of 18686632 and 30728.
1336
Calculate the highest common factor of 28 and 7710318.
14
What is the greatest common factor of 4220093 and 59?
59
Calculate the highest common factor of 255493 and 493969.
119
Calculate the greatest common divisor of 5849850 and 125.
25
What is the greatest common factor of 216450 and 13325?
325
Calculate the highest common divisor of 617041376 and 168.
56
What is the highest common divisor of 384006 and 1331106?
1722
What is the highest common divisor of 62452 and 2204?
4
Calculate the highest common factor of 14153271 and 228.
57
What is the highest common factor of 1254 and 884346?
6
What is the greatest common factor of 73644 and 975612?
228
Calculate the greatest common factor of 3552 and 246531.
111
Calculate the highest common factor of 2483050 and 6950.
50
Calculate the greatest common factor of 959 and 4193.
7
What is the greatest common factor of 3438443 and 90072?
139
What is the greatest common divisor of 2262 and 229816938?
2262
Calculate the highest common divisor of 183216 and 1662.
6
Calculate the greatest common factor of 588306 and 4686.
426
Calculate the highest common factor of 229 and 2913109.
229
What is the greatest common divisor of 11222 and 1519?
31
What is the highest common factor of 196 and 7305200?
28
Calculate the greatest common factor of 132156 and 4542.
6
What is the highest common divisor of 1026942 and 1726041?
1497
What is the greatest common divisor of 858 and 27487317?
429
What is the greatest common divisor of 1912 and 279869?
239
Calculate the highest common factor of 6167820 and 10.
10
What is the greatest common factor of 7063824 and 3084?
12
What is the greatest common factor of 30545 and 105903?
41
Calculate the greatest common factor of 690 and 4308130.
230
What is the highest common factor of 8651 and 1562033?
211
Calculate the greatest common factor of 361202528 and 160.
32
What is the greatest common factor of 10 and 747292570?
10
Calculate the greatest common factor of 153 and 87619437.
9
What is the highest common divisor of 64581 and 9119?
11
Calculate the highest common factor of 72268 and 6849796.
356
What is the greatest common divisor of 11134 and 981562306?
11134
What is the greatest common factor of 128 and 12409?
1
Calculate the highest common divisor of 134455 and 5.
5
Calculate the highest common divisor of 362213852 and 793.
793
What is the highest common divisor of 1503395 and 230?
115
Calculate the greatest common factor of 11073 and 11397.
3
Calculate the greatest common factor of 12240 and 195377328.
2448
What is the highest common factor of 1496 and 85714408?
136
Calculate the greatest common factor of 763 and 55075193.
109
Calculate the greatest common factor of 308 and 56379708.
308
What is the greatest common factor of 350 and 164277610?
70
What is the greatest common factor of 